{"id":1508,"date":"2021-05-11T16:24:53","date_gmt":"2021-05-11T16:24:53","guid":{"rendered":"https:\/\/integrasolutionti.com\/molinos\/?page_id=1508"},"modified":"2021-05-12T19:37:51","modified_gmt":"2021-05-12T19:37:51","slug":"productos-mexicali","status":"publish","type":"page","link":"https:\/\/integrasolutionti.com\/molinos\/productos-mexicali\/","title":{"rendered":"Productos Mexicali"},"content":{"rendered":"\t\t<div data-elementor-type=\"wp-page\" data-elementor-id=\"1508\" class=\"elementor elementor-1508\">\n\t\t\t\t\t\t<section class=\"elementor-section elementor-top-section elementor-element elementor-element-8c5629a elementor-section-full_width elementor-section-stretched elementor-section-height-default elementor-section-height-default\" data-id=\"8c5629a\" data-element_type=\"section\" data-e-type=\"section\" data-settings=\"{&quot;stretch_section&quot;:&quot;section-stretched&quot;,&quot;background_background&quot;:&quot;classic&quot;}\">\n\t\t\t\t\t\t<div class=\"elementor-container elementor-column-gap-default\">\n\t\t\t\t\t<div class=\"elementor-column elementor-col-100 elementor-top-column elementor-element elementor-element-e4f33dd\" data-id=\"e4f33dd\" data-element_type=\"column\" data-e-type=\"column\">\n\t\t\t<div class=\"elementor-widget-wrap elementor-element-populated\">\n\t\t\t\t\t\t<div class=\"elementor-element elementor-element-170fd0f elementor-widget elementor-widget-spacer\" data-id=\"170fd0f\" data-element_type=\"widget\" data-e-type=\"widget\" data-widget_type=\"spacer.default\">\n\t\t\t\t<div class=\"elementor-widget-container\">\n\t\t\t\t\t\t\t<div class=\"elementor-spacer\">\n\t\t\t<div class=\"elementor-spacer-inner\"><\/div>\n\t\t<\/div>\n\t\t\t\t\t\t<\/div>\n\t\t\t\t<\/div>\n\t\t\t\t\t<\/div>\n\t\t<\/div>\n\t\t\t\t\t<\/div>\n\t\t<\/section>\n\t\t\t\t<section class=\"elementor-section elementor-top-section elementor-element elementor-element-3611f64 elementor-section-full_width elementor-section-stretched elementor-section-height-default elementor-section-height-default\" data-id=\"3611f64\" data-element_type=\"section\" data-e-type=\"section\" data-settings=\"{&quot;stretch_section&quot;:&quot;section-stretched&quot;,&quot;background_background&quot;:&quot;classic&quot;}\">\n\t\t\t\t\t\t<div class=\"elementor-container elementor-column-gap-default\">\n\t\t\t\t\t<div class=\"elementor-column elementor-col-100 elementor-top-column elementor-element elementor-element-13a06b8\" data-id=\"13a06b8\" data-element_type=\"column\" data-e-type=\"column\">\n\t\t\t<div class=\"elementor-widget-wrap elementor-element-populated\">\n\t\t\t\t\t\t<div class=\"elementor-element elementor-element-551338e elementor-tabs-view-vertical elementor-widget elementor-widget-tabs\" data-id=\"551338e\" data-element_type=\"widget\" data-e-type=\"widget\" data-widget_type=\"tabs.default\">\n\t\t\t\t<div class=\"elementor-widget-container\">\n\t\t\t\t\t\t\t<div class=\"elementor-tabs\">\n\t\t\t<div class=\"elementor-tabs-wrapper\" role=\"tablist\" >\n\t\t\t\t\t\t\t\t\t<div id=\"elementor-tab-title-8921\" class=\"elementor-tab-title elementor-tab-desktop-title\" aria-selected=\"true\" data-tab=\"1\" role=\"tab\" tabindex=\"0\" aria-controls=\"elementor-tab-content-8921\" aria-expanded=\"false\">S\u00e9mola<\/div>\n\t\t\t\t\t\t\t\t\t<div id=\"elementor-tab-title-8922\" class=\"elementor-tab-title elementor-tab-desktop-title\" aria-selected=\"false\" data-tab=\"2\" role=\"tab\" tabindex=\"-1\" aria-controls=\"elementor-tab-content-8922\" aria-expanded=\"false\">Harina de Alta Extracci\u00f3n<\/div>\n\t\t\t\t\t\t\t\t\t<div id=\"elementor-tab-title-8923\" class=\"elementor-tab-title elementor-tab-desktop-title\" aria-selected=\"false\" data-tab=\"3\" role=\"tab\" tabindex=\"-1\" aria-controls=\"elementor-tab-content-8923\" aria-expanded=\"false\">Salvadillo<\/div>\n\t\t\t\t\t\t\t<\/div>\n\t\t\t<div class=\"elementor-tabs-content-wrapper\" role=\"tablist\" aria-orientation=\"vertical\">\n\t\t\t\t\t\t\t\t\t<div class=\"elementor-tab-title elementor-tab-mobile-title\" aria-selected=\"true\" data-tab=\"1\" role=\"tab\" tabindex=\"0\" aria-controls=\"elementor-tab-content-8921\" aria-expanded=\"false\">S\u00e9mola<\/div>\n\t\t\t\t\t<div id=\"elementor-tab-content-8921\" class=\"elementor-tab-content elementor-clearfix\" data-tab=\"1\" role=\"tabpanel\" aria-labelledby=\"elementor-tab-title-8921\" tabindex=\"0\" hidden=\"false\"><h4 style=\"text-align: justify;\"><span style=\"color: #000000;\">Producto de color amarillo derivado de la molienda de trigo cristalino o durum (<em>Triticum durum<\/em>), sano, libre de tegumentos y germen. Libre de olores y materia extra\u00f1a (plaga, metal, pl\u00e1stico, madera y vidrio) y materiales no inherentes. Adicionada con la premezcla vitam\u00ednica y elaborado bajo Buenas Pr\u00e1cticas de Manufactura.<\/span><\/h4>\n<img decoding=\"async\" class=\"alignnone wp-image-1490 alignleft\" src=\"https:\/\/integrasolutionti.com\/molinos\/wp-content\/uploads\/2021\/05\/semola-25-1-300x251.png\" onmouseover=\"this.width=300;this.height=300;\" onmouseout=\"this.width=100;this.height=80;\" width=\"100\" height=\"80\"  \/> <img decoding=\"async\" class=\"alignnone wp-image-1491 alignleft\" src=\"https:\/\/integrasolutionti.com\/molinos\/wp-content\/uploads\/2021\/05\/semola-44-1-300x251.png\" onmouseover=\"this.width=300;this.height=300;\" onmouseout=\"this.width=100;this.height=80;\" width=\"100\" height=\"80\"  \/><img decoding=\"async\" class=\"alignnone wp-image-1492 alignleft\" src=\"https:\/\/integrasolutionti.com\/molinos\/wp-content\/uploads\/2021\/05\/semola-50-300x251.png\" onmouseover=\"this.width=300;this.height=300;\" onmouseout=\"this.width=100;this.height=80;\" width=\"100\" height=\"80\" \/><img loading=\"lazy\" decoding=\"async\" class=\"alignnone wp-image-1640\" src=\"https:\/\/integrasolutionti.com\/molinos\/wp-content\/uploads\/2021\/05\/semola1000-1-300x251.png\" onmouseover=\"this.width=300;this.height=300;\" onmouseout=\"this.width=100;this.height=80;\" width=\"100\" height=\"80\"  \/>\n<h4><span style=\"color: #000000;\">PRESENTACI\u00d3N:\n<\/span><span style=\"color: #000000;\">A granel: en Tolvas de Ferrocarril y Contenedores mar\u00edtimos.\nEn sacos de polipropileno o papel: 1000 kg, 50 kg, 44 kg y 25 kg.<\/span><\/h4><\/div>\n\t\t\t\t\t\t\t\t\t<div class=\"elementor-tab-title elementor-tab-mobile-title\" aria-selected=\"false\" data-tab=\"2\" role=\"tab\" tabindex=\"-1\" aria-controls=\"elementor-tab-content-8922\" aria-expanded=\"false\">Harina de Alta Extracci\u00f3n<\/div>\n\t\t\t\t\t<div id=\"elementor-tab-content-8922\" class=\"elementor-tab-content elementor-clearfix\" data-tab=\"2\" role=\"tabpanel\" aria-labelledby=\"elementor-tab-title-8922\" tabindex=\"0\" hidden=\"hidden\"><h4 style=\"text-align: justify;\"><span style=\"color: #000000;\">Subproducto de la molienda de trigo cristalino durum de color beige claro, libre de olor y materia extra\u00f1a (plaga, metal, pl\u00e1stico, vidrio y madera) y materiales no inherentes. Elaborado bajo Buenas Pr\u00e1cticas de Manufactura y en conformidad con los est\u00e1ndares de la FDA y de la Norma La Moderna para la seguridad de los alimentos.\u00a0\u00a0\u00a0\u00a0\u00a0\u00a0\u00a0\u00a0<\/span><\/h4>\n<span style=\"color: #000000; font-size: 16px;\"><img loading=\"lazy\" decoding=\"async\" class=\"size-medium wp-image-1493 aligncenter\" src=\"https:\/\/integrasolutionti.com\/molinos\/wp-content\/uploads\/2021\/05\/HARINA-44-1-300x251.png\" onmouseover=\"this.width=300;this.height=300;\" onmouseout=\"this.width=100;this.height=80;\" width=\"100\" height=\"80\"  \/><strong><span style=\"font-size: 16px;\">PRESENTACI\u00d3N: En bultos de 44 Kg y a granel en pipas de 28 toneladas<\/span><\/strong><\/span><strong><span style=\"color: #000000;\">.<\/span><\/strong><\/div>\n\t\t\t\t\t\t\t\t\t<div class=\"elementor-tab-title elementor-tab-mobile-title\" aria-selected=\"false\" data-tab=\"3\" role=\"tab\" tabindex=\"-1\" aria-controls=\"elementor-tab-content-8923\" aria-expanded=\"false\">Salvadillo<\/div>\n\t\t\t\t\t<div id=\"elementor-tab-content-8923\" class=\"elementor-tab-content elementor-clearfix\" data-tab=\"3\" role=\"tabpanel\" aria-labelledby=\"elementor-tab-title-8923\" tabindex=\"0\" hidden=\"hidden\"><h4 style=\"text-align: justify;\"><span style=\"color: #000000;\">Mezcla de subproductos de la molienda de trigo cristalino durum, mezcla fibrosa de color caf\u00e9, libre de olor a rancidez.<\/span><\/h4>\n<img loading=\"lazy\" decoding=\"async\" class=\"size-medium wp-image-1146 aligncenter\" src=\"https:\/\/integrasolutionti.com\/molinos\/wp-content\/uploads\/2021\/04\/DSC_0158-1-300x200.jpg\" onmouseover=\"this.width=300;this.height=300;\" onmouseout=\"this.width=100;this.height=80;\" width=\"100\" height=\"80\" \/>\n<h4><span style=\"color: #000000;\">PRESENTACI\u00d3N:\nA granel.<\/span><\/h4><\/div>\n\t\t\t\t\t\t\t<\/div>\n\t\t<\/div>\n\t\t\t\t\t\t<\/div>\n\t\t\t\t<\/div>\n\t\t\t\t\t<\/div>\n\t\t<\/div>\n\t\t\t\t\t<\/div>\n\t\t<\/section>\n\t\t\t\t<section class=\"elementor-section elementor-top-section elementor-element elementor-element-7a571f7 elementor-section-full_width elementor-section-stretched elementor-section-height-default elementor-section-height-default\" data-id=\"7a571f7\" data-element_type=\"section\" data-e-type=\"section\" data-settings=\"{&quot;stretch_section&quot;:&quot;section-stretched&quot;,&quot;background_background&quot;:&quot;classic&quot;}\">\n\t\t\t\t\t\t<div class=\"elementor-container elementor-column-gap-default\">\n\t\t\t\t\t<div class=\"elementor-column elementor-col-100 elementor-top-column elementor-element elementor-element-cd0110c\" data-id=\"cd0110c\" data-element_type=\"column\" data-e-type=\"column\">\n\t\t\t<div class=\"elementor-widget-wrap elementor-element-populated\">\n\t\t\t\t\t\t<div class=\"elementor-element elementor-element-7c360b9 elementor-widget elementor-widget-spacer\" data-id=\"7c360b9\" data-element_type=\"widget\" data-e-type=\"widget\" data-widget_type=\"spacer.default\">\n\t\t\t\t<div class=\"elementor-widget-container\">\n\t\t\t\t\t\t\t<div class=\"elementor-spacer\">\n\t\t\t<div class=\"elementor-spacer-inner\"><\/div>\n\t\t<\/div>\n\t\t\t\t\t\t<\/div>\n\t\t\t\t<\/div>\n\t\t\t\t\t<\/div>\n\t\t<\/div>\n\t\t\t\t\t<\/div>\n\t\t<\/section>\n\t\t\t\t<\/div>\n\t\t","protected":false},"excerpt":{"rendered":"<p>S\u00e9mola Harina de Alta Extracci\u00f3n Salvadillo S\u00e9mola Producto de color amarillo derivado de la molienda de trigo cristalino o durum (Triticum durum), sano, libre de tegumentos y germen. Libre de olores y materia extra\u00f1a (plaga, metal, pl\u00e1stico, madera y vidrio) y materiales no inherentes. Adicionada con la premezcla vitam\u00ednica y elaborado bajo Buenas Pr\u00e1cticas de &hellip;<\/p>\n<p class=\"read-more\"> <a class=\"\" href=\"https:\/\/integrasolutionti.com\/molinos\/productos-mexicali\/\"> <span class=\"screen-reader-text\">Productos Mexicali<\/span> Leer m\u00e1s &raquo;<\/a><\/p>\n","protected":false},"author":1,"featured_media":0,"parent":0,"menu_order":0,"comment_status":"closed","ping_status":"closed","template":"elementor_header_footer","meta":{"footnotes":""},"class_list":["post-1508","page","type-page","status-publish","hentry"],"_links":{"self":[{"href":"https:\/\/integrasolutionti.com\/molinos\/wp-json\/wp\/v2\/pages\/1508","targetHints":{"allow":["GET"]}}],"collection":[{"href":"https:\/\/integrasolutionti.com\/molinos\/wp-json\/wp\/v2\/pages"}],"about":[{"href":"https:\/\/integrasolutionti.com\/molinos\/wp-json\/wp\/v2\/types\/page"}],"author":[{"embeddable":true,"href":"https:\/\/integrasolutionti.com\/molinos\/wp-json\/wp\/v2\/users\/1"}],"replies":[{"embeddable":true,"href":"https:\/\/integrasolutionti.com\/molinos\/wp-json\/wp\/v2\/comments?post=1508"}],"version-history":[{"count":47,"href":"https:\/\/integrasolutionti.com\/molinos\/wp-json\/wp\/v2\/pages\/1508\/revisions"}],"predecessor-version":[{"id":1684,"href":"https:\/\/integrasolutionti.com\/molinos\/wp-json\/wp\/v2\/pages\/1508\/revisions\/1684"}],"wp:attachment":[{"href":"https:\/\/integrasolutionti.com\/molinos\/wp-json\/wp\/v2\/media?parent=1508"}],"curies":[{"name":"wp","href":"https:\/\/api.w.org\/{rel}","templated":true}]}}